 8*(33/12 - f).
2, 11
Let k = 8 + -4. Suppose 9 = -o + k*o. List the prime factors of o*(-8)/(-6) + 2.
2, 3
Suppose 5*l = -4*u + 123, -4*u = -3*u - 2. List the prime factors of l.
23
Let i(z) = 2*z - 5. Let t be i(7). Let s = 42 - 29. Let h = s - t. List the prime factors of h.
2
Suppose 4*j - j = 0. Suppose 2*h - 7 - 33 = j. List the prime factors of h.
2, 5
Let o = 38 - -166. List the prime factors of o.
2, 3, 17
Let k be (-1)/((-1)/(-2)) + -1. What are the prime factors of (1/k)/(2/(-192))?
2
Suppose -4*b + 39 = -37. Suppose -3*i + 8 = -b. List the prime factors of i.
3
Suppose 200 = -t + 5*t. List the prime factors of t.
2, 5
Suppose 145 = 6*v - v. What are the prime factors of v?
29
Suppose 0*r = r - 79. What are the prime factors of r?
79
Let w = -245 + 346. What are the prime factors of w?
101
Suppose -5*h + 1165 = 4*t, 13*h = -5*t + 12*h + 1430. List the prime factors of t.
3, 5, 19
Suppose -3*y = -87 - 0. Suppose 3*c - 2*k - 3*k - 7 = 0, -y = -5*c + 4*k. What are the prime factors of c?
3
Let v(y) = -y**2 - 7*y + 1. Let p be v(-5). Suppose -3*m + 2*w = -p, 3*m - m + 2*w = 24. What are the prime factors of m?
7
Let x(i) = i**3 - i**2 + 1. Let b(g) = 7*g**3 - 14*g**2 + g + 7. Let f(u) = b(u) - 6*x(u). List the prime factors of f(8).
3
Let v(r) = 4*r**2 + 1. Suppose 2*y - 5 = 7*y. Let b be v(y). Suppose -62 = -b*h - 17. What are the prime factors of h?
3
Let j = -46 + 86. Suppose -5*n + 0*n + i + 10 = 0, -5*i + j = 5*n. Suppose -n*v + 34 - 7 = 0. List the prime factors of v.
3
Suppose -5*r = 20, -h - 28 + 90 = -5*r. Suppose -l + 3 = j - 0*l, 2*l = 4*j - h. What are the prime factors of j?
2
Suppose -3*u - 2*u + 45 = 0. What are the prime factors of u?
3
Let v(x) = 3*x**3 + 7*x**2 + 5*x + 1. Let h(z) = -4*z**3 - 7*z**2 - 4*z - 1. Let g(p) = 2*h(p) + 3*v(p). What are the prime factors of g(-5)?
2
Suppose 4*a = -a - h + 7, -a - 2*h - 4 = 0. Let s(r) = -r**3 + 5*r**a + 8*r + 2*r**2 + 0*r**2 + 0*r**2 + 2. What are the prime factors of s(8)?
2
Let f be (-2)/1 + 1 - -3. What are the prime factors of 8*((-15)/f)/(-3)?
2, 5
Let i(t) be the first derivative of -t**4/2 - t**3 + t**2/2 + 2*t + 4. What are the prime factors of i(-2)?
2
Suppose -5*j - 1 = -4*o + 6, o = 4*j - 1. Suppose -s = -o*s. Suppose 6*v - 2*v - 16 = s. List the prime factors of v.
2
Let c = 13 - 13. Suppose c = 2*g + 2*m - 82, 6*g - 5*m - 147 = 3*g. List the prime factors of g.
2, 11
Let c = 10 - 29. Let p = c - -50. What are the prime factors of p?
31
Suppose -2*g + 12 = -g. Suppose 4*y + 4*s + 20 = 0, 3*s + g = -5*y - 5. Let n = y - -5. List the prime factors of n.
2
Let b(j) = 2*j**3 + 1 + 10*j**3 - 6*j**3 + 3*j**2 - 3*j + 0*j**3. List the prime factors of b(2).
5, 11
Suppose 0 = -2*d + 4*d + 2. Let x = d + 4. What are the prime factors of x?
3
Let y(c) = c + 16. Let j(g) = -g - 16. Let m be (3/(-6))/((-1)/(-6)). Let u(l) = m*y(l) - 4*j(l). What are the prime factors of u(0)?
2
Suppose 0 = 2*s + 5*y + 11, 0 = 5*s + y - 6 - 1. List the prime factors of (-639)/(-45) + s/(-10).
2, 7
Let u be -1*((1 - 1) + 0). Let j = u - -1. Suppose 2*a = 5*z - 50, 4*a = -j - 19. List the prime factors of z.
2
Suppose -2*p + 4*p - i + 28 = 0, -3*i + 12 = 0. Let x = -7 - p. List the prime factors of x.
5
Let h be 1*-6*2/4. List the prime factors of (h/(-12))/(1/68).
17
Suppose 0 = 5*i + 2*j - 184, 4*j + j - 137 = -4*i. List the prime factors of i.
2, 19
Suppose 15 = -5*l - 5*n, -2*n + 7 + 5 = -4*l. Let x = 5 + l. Suppose -34 = -5*a + x*p, -2*a + 2*p + 13 = 3. What are the prime factors of a?
2
List the prime factors of (3 - -1 - 8) + 44.
2, 5
Let t(i) = 0 + 2 + 6*i**2 + 0 + 2*i + 1. List the prime factors of t(-2).
23
Let u(p) = -p**3 - p**2 - p + 14. Suppose -6*v = -13*v. What are the prime factors of u(v)?
2, 7
Let i(k) = -k**3 - 9*k**2 + 8*k - 6. What are the prime factors of i(-10)?
2, 7
Let l(r) = r + 15. Let i be l(0). Suppose 3*h + 3*k - 15 = 0, -2*h + 7*h = 5*k + i. What are the prime factors of h?
2
Let n = 8 + -5. Suppose -n*k + 6 = -24. List the prime factors of k.
2, 5
Suppose -2*j - 2*j = 0. Suppose j = y - 5 - 25. List the prime factors of y.
2, 3, 5
Let m(a) = 45*a**2 + 2*a - 1. List the prime factors of m(1).
2, 23
Let k = -1 + -1. What are the prime factors of (4/(-6))/(k/6)?
2
List the prime factors of (-2742)/(-30) + (-2)/5.
7, 13
Let f = -7 - -10. Suppose 3*x + 8 = f*c - 4, 4 = c + x. Suppose 0 = 5*s + d - 11, 3*d + 1 = c*s - 4. What are the prime factors of s?
2
Let r = -8 + 9. Suppose 0 = -5*d + r - 16. Let f(j) = 2*j**2 - 2*j - 4. List the prime factors of f(d).
2, 5
Suppose 14 = -l + 2*i + 2, 0 = l + 3*i - 3. Let p(h) = -h**3 - h - 2*h**3 + 4*h**3 - 48 + 6*h**2 + 56. What are the prime factors of p(l)?
2, 7
Let w = 0 + 2. Suppose 5*p + 2*x - 171 = 0, 0 = 5*p + w*x - x - 173. What are the prime factors of p?
5, 7
Suppose 2*u - 1 + 11 = 0. Let x(w) = w**3 + 6*w**2 + 2*w - 5. List the prime factors of x(u).
2, 5
Let c(d) = -d**2 - 6*d - 4. Let b be c(-4). Suppose 0 = b*q - 18 - 6. What are the prime factors of q?
2, 3
Let a = -14 - -20. What are the prime factors of 82/a - (-2)/6?
2, 7
Let y = -17 - -28. Let v = -3 + -3. Let c = v + y. List the prime factors of c.
5
What are the prime factors of (-298)/(-6) + (-16)/24?
7
Let v be (-1)/2 + (-31)/(-2). Let a = v + -11. Suppose -3*c + 2 = -a. List the prime factors of c.
2
Suppose -3*x = -2*x - 3. Suppose 0 = -4*k + 4*v + 36, k - 5*v + 32 = x*k. What are the prime factors of k?
11
Let x be (10/8)/(1/4). Let o be (-8)/(-6) - 60/(-36). What are the prime factors of x + (2 - o) + 0?
2
What are the prime factors of (-59)/3*7/(14/(-12))?
2, 59
Let g be -8*((-9)/6 + 1). Suppose -2*k = -c + g, c - k = -c + 17. List the prime factors of c.
2, 5
Let l(i) = i**3 - 10*i**2 + i - 7. Let d be l(10). Suppose 0*x - 90 = -2*x - 2*w, 136 = d*x + 4*w. What are the prime factors of x?
2, 11
Suppose 0 = 3*s + 5 - 26. Let r = s + -8. Let n = r + 6. List the prime factors of n.
5
Suppose 5 = 4*s + v, -4 = -2*s + 3*v - 19. Suppose s*p = 2*p - 6. Suppose 5 = -p*c + 44. List the prime factors of c.
13
Suppose -j = -t - 3*t + 229, 46 = t - 4*j. List the prime factors of t.
2, 29
Let d(a) = 11*a**2 - 1. Let p be d(-1). Let n = 18 - p. List the prime factors of n.
2
Let p(a) = 20*a**3 - 2*a**2 + 1. Suppose 3*d = -0*d + 3. List the prime factors of p(d).
19
Let p = 1 + 0. Suppose -p = 2*t + 1. Let a = 9 + t. What are the prime factors of a?
2
Let c(x) = 31*x + 18. List the prime factors of c(9).
3, 11
Let d(q) = -q**2 - 13*q + 5. What are the prime factors of d(-12)?
17
Let y = 281 - 144. List the prime factors of y.
137
Let l(x) be the third derivative of x**6/360 - x**5/120 + 2*x**3/3 - 2*x**2. Let j(h) be the first derivative of l(h). List the prime factors of j(2).
2
Let b be (-2 - -3)/((-1)/(-7)). Let i = b + -4. Suppose 2*w - 5 - i = 0. List the prime factors of w.
2
Let m(j) = -7*j - 3. Let u(c) = c**2 + c. Let a(h) = -m(h) + 2*u(h). List the prime factors of a(-6).
3, 7
Let f(v) = -v + 2. Let d be f(-4). Suppose -z = -d*z + 15. What are the prime factors of z?
3
Let g = -10 + 5. Let m = g - -8. Suppose m*v - 18 = v. What are the prime factors of v?
3
Suppose -5*g + 9 = -h - 12, -2*g = 2*h - 6. Suppose 25 = j + 3*a, g*a = 8*a. What are the prime factors of j?
5
Suppose -3*t = g - 1, 4 = 3*t + 4*g - 0. Let p be (t/1)/(8/(-4)). List the prime factors of p/(-2 + 3) + 8.
2
Let b(g) = 12*g**2 - g - 9. List the prime factors of b(4).
179
What are the prime factors of (-2)/9 + (-1952)/(-36) - 2?
2, 13
Let a be -5 - 3 - 4/(-2). Let h be a/15 + 47/5. Let k = 5 + h. What are the prime factors of k?
2, 7
Let t(g) = -g**3 - 2*g**2 + 2*g + 2. Let q be t(2). Let u = 22 + q. List the prime factors of u.
2, 3
Suppose -970 = 21*c - 26*c. What are the prime factors of c?
2, 97
Let w be (-2)/(-6) - 160/(-6). Let h = w - 16. What are the prime factors of h?
11
Let w = 4 - -1. Suppose -5*x = -d - 22, -3*x - 25 = -5*d - w*x. List the prime factors of d.
3
Suppose -33 - 137 = -5*n. What are the prime factors of n?
2, 17
Let d(p) = 7*p**2 + 7. Let c(q) = 3*q**2 + 3. Let r(i) = 5*c(i) - 2*d(i). Let a be r(-2). Suppose v = a*h - 0 - 60, 3 = -2*h - 5*v. List the prime factors of h.
11
Let g = 8 + -5. List the prime factors of g.
3
Let z(f) = f**3 - f**2 + 4*f - 3. What are